 0 = 29*s - 686 + 48. What are the prime factors of 35094/s - (900/110 - 8)?
5, 11, 29
Let d be (654 - -1)*-3*(-4)/30. Suppose -3*n + d + 434 = 0. Suppose -c = w - 40, 3*c = 5*w - 0*w - n. What are the prime factors of w?
2, 11
Let l = 1664 - 970. Let z = l + -607. What are the prime factors of z?
3, 29
Suppose 0 = 28*a + 9724 - 195252. List the prime factors of a.
2, 3313
Suppose 0*k = -k + 36. Let v be (6/k)/((-2)/(-18))*2. What are the prime factors of 1396/14 - v/(42/(-4))?
2, 5
Let r(o) = -85*o - 16. Let p be r(-5). Suppose 10*j - 1019 = -p. List the prime factors of j.
61
Let b(g) = g**2 - 129*g + 18256. What are the prime factors of b(0)?
2, 7, 163
Let r = -35783 - -51066. What are the prime factors of r?
17, 29, 31
Let r(h) = 22*h + 485. What are the prime factors of r(46)?
3, 499
Suppose 39 = 9*n + 102. List the prime factors of 2 + 3 + 240 - 28/n.
3, 83
Suppose -2*h + 11*q - 14*q + 75 = 0, -5*q = -h + 44. Let i = 73 - h. List the prime factors of i.
2, 17
What are the prime factors of -36 + 36 + 7563/1?
3, 2521
Let c(w) = 157*w - 139. Let f be (1 + 56/(-20))/((-3)/10). List the prime factors of c(f).
11, 73
Let j(l) = l - 1. Let f be (4 - 18/4)*-8. Let v be j(f). Suppose -5*g = 2*a + 2*a - 9, -a = 3*g + v. What are the prime factors of a?
2, 3
Suppose 1171256 = 390*m - 3005644. What are the prime factors of m?
2, 3, 5, 7, 17
Suppose -5*z - 15 = 3*y - 7, 3*z + 3*y = -6. Let n be ((-540)/z)/4 - (-1 + 1). Let i = -77 + n. What are the prime factors of i?
2, 29
Suppose -5*b = -c - 31943, 148*c - 144*c = -4*b + 25564. List the prime factors of b.
6389
Let r = -16578 - -29957. List the prime factors of r.
17, 787
What are the prime factors of 6/(384/(-208))*-12412?
13, 29, 107
Let z(v) = v**3 - 13*v**2 - 12*v - 17. Suppose -115 - 11 = -7*m. Let o be 11 + 0 + 54/m. What are the prime factors of z(o)?
11
Let g(k) = -k**3 + 23*k**2 + 19*k + 16. Let n be g(24). Let h = n - -103. What are the prime factors of (h - 28/(-3)) + 6/9?
3
Suppose -v + 10258 = 3*h, -v + 4*h = 5*h - 10252. What are the prime factors of v?
37, 277
Suppose 10*u - 909 - 1611 = 0. What are the prime factors of (324/(-14))/(996/u + -4)?
2, 3
What are the prime factors of 3343*(-22 + 39 - 5*2)?
7, 3343
Suppose -19 + 7 = -3*l, -l = -5*g + 49576. List the prime factors of g.
2, 37, 67
Let z(s) = -7*s - 67. Let i be z(-8). List the prime factors of i/((-297)/10755) - (-2)/(-6).
2, 199
Let l be -14 + ((-1)/(-2))/(15/(-30)). Let p = -76 - l. Let c = p - -184. List the prime factors of c.
3, 41
Let q be 6/12*-14*2. Let z be (2/q*2)/((-5)/35). List the prime factors of z/(-1) + (2 - -81).
3
Suppose 34*w = 39*w - 2*h - 62117, -4*w + 5*h + 49680 = 0. What are the prime factors of w?
5, 7, 71
Suppose -30*u - 21057 = -34*u - 3*h, -3*h = 2*u - 10521. List the prime factors of u.
2, 3, 439
Let d(s) = -7*s + 12. Let g be d(14). Let o = g + 89. List the prime factors of (-2)/o + 9614/66.
5, 29
Let j(n) = 2*n**3 + 3*n**2 - 39*n - 5. Let m be j(5). Suppose -111*o = -m*o + 13062. What are the prime factors of o?
3, 311
Suppose -36*o - 22736 = -2216. Let m = -362 - o. List the prime factors of m.
2, 13
Suppose -39*w + 3869509 = 717880. List the prime factors of w.
3, 41, 73
Let h(z) = -2*z**2 - 8*z. Let t be h(-4). Suppose t*v = 2*v + 30. List the prime factors of (40/v)/8*-129.
43
Suppose -4*l - 288 = 5*c - 3*c, 3*l + 216 = c. Let r = l - -255. Suppose -a = -2*a - 3*x + r, 0 = -4*a - 2*x + 702. List the prime factors of a.
2, 3, 29
Let q(i) = -219*i**3 + 147*i**2 + 909*i - 16. What are the prime factors of q(-6)?
2, 23563
Let h be (3/(-4))/(198/960168). Let r = h - -5132. What are the prime factors of r?
5, 13, 23
What are the prime factors of (21*203372/910)/(3/5)?
2, 3911
Suppose -5*d + 8*i + 100 = 3*i, 2*i - 5 = -d. List the prime factors of ((-6165)/30)/(d/(-10)).
137
Let f(c) = -447*c**3 + 52*c**2 + 303*c + 12. List the prime factors of f(-5).
2, 6959
Let j = -25119 - -42397. List the prime factors of j.
2, 53, 163
Let s = 34 - -290. Let z = s + 152. What are the prime factors of z?
2, 7, 17
Let t(r) = 20*r**2 - 17*r**3 - 24 - 19*r**3 - 15*r**2 + 29*r**3 - 16*r. List the prime factors of t(-6).
2, 3, 7
Suppose 3*f - f + 2*m = 1170, -9*f - 5*m = -5273. What are the prime factors of f?
587
Let m(l) = -l**3 + 20*l**2 - 49*l - 34. Let f be m(17). Suppose f = 10*a + 4102 - 11512. List the prime factors of a.
3, 13, 19
What are the prime factors of 45087 + (-252)/(-105)*10?
3, 11, 1367
Let b(n) = -4 + 18*n - 2*n - 2 - 8. Let d be 3 - (4 + -1 + -2)/(-1). What are the prime factors of b(d)?
2, 5
Let i be (1 - 0)/(-8 - 7497/(-936)). Suppose 10*d + i = 11*d. Suppose q - 57 = d. What are the prime factors of q?
7, 23
Let g = 489 - 432. Suppose 2*l - 78 = 116. Let j = l - g. What are the prime factors of j?
2, 5
Suppose c = 6*c + 2*z + 1065, -c = -3*z + 213. Let h = -98 - c. Suppose -4*v = -v - 2*n - 328, v = -5*n + h. List the prime factors of v.
2, 5, 11
Let a(h) = 3*h**2 - 6*h - 6. Let z be a(-1). Suppose -5*k = 3*i - 2502 - 1633, i - z*k = 1355. Suppose 0 = 12*g - i + 38. What are the prime factors of g?
3, 37
Suppose 158*p + 4*c = 160*p - 25728, 4*c = -3*p + 38532. List the prime factors of p.
2, 3, 7, 17
Suppose -370 = -32*x + 27*x + 4*s, -4*s + 260 = 4*x. Let t = -5 - -3. Let f = x - t. List the prime factors of f.
2, 3
Let t be 44 - 34 - (6 + 0). What are the prime factors of 114/t*(-228)/(-171)?
2, 19
Let u(h) = -76*h**2 - 6*h - 2. Let a be u(-3). Let v = a - -397. Let z = -162 - v. What are the prime factors of z?
109
Let r be -4 + 1 + 0 - (1 - 6). Suppose -12*k + 11590 = -r*k. List the prime factors of k.
19, 61
Let h be (3 - 4)/((-3 - 0)/(-18)). Let t be (782/h)/(2 - (-14)/(-6)). Suppose -5*l = 2*o - t, l - 6 = -l. List the prime factors of o.
2, 47
Let k(a) be the first derivative of 21*a**2/2 - 37*a + 2. Suppose -3*c + 49 = 5*u, 2*c - 7*c = 5*u - 45. List the prime factors of k(u).
2, 97
Suppose a + 0*a - 10 = 0. Let u = -2032 + 2034. Suppose u*k - a = -l + 95, -489 = -5*l - k. What are the prime factors of l?
97
Let u(m) = -178*m + 899. List the prime factors of u(-15).
43, 83
Let t = -15148 - -32366. List the prime factors of t.
2, 8609
Suppose 88*q - 129*q = -308484. What are the prime factors of q?
2, 3, 11, 19
Suppose 3*z = -4*h - 1771, 2*h + 875 = -2*z - 3*z. Let g = -259 - h. List the prime factors of g.
2, 3, 31
Let n = -11 - -14. Suppose n*d + 4*p - 309 = 2*d, -4*p + 12 = 0. Suppose 3*x = 6*x - d. What are the prime factors of x?
3, 11
Let f = 100147 - 69844. List the prime factors of f.
3, 7, 13, 37
Let g = -761 + 766. Suppose -g*m + 2535 = 5*j - 980, 2*m = 2*j - 1398. List the prime factors of j.
701
Suppose 0 = -5*h + 5*r - 9 - 6, 2*h + 2*r = -6. Let p be -49*(27/h + 4). Let g = p + -89. What are the prime factors of g?
2, 3, 13
Suppose 2*i - 6*i = -208. Let c be (((-510)/(-8))/(-3))/((-13)/i). Suppose c - 286 = -x. List the prime factors of x.
3, 67
Suppose 3*t = 12*z + 202323, 2*z + 16652 = 4*t - 253182. List the prime factors of t.
3, 113, 199
Suppose 66*g - 67*g = 0, x + 83699 = 2*x - 2*g. List the prime factors of x.
7, 11, 1087
Let y be 5*((-6955)/(-15) - 4/6). Suppose 9*v = y + 3922. What are the prime factors of v?
3, 7, 11
Let z = -413 - -482. Let c = 312 + z. What are the prime factors of c?
3, 127
Let c be 19 - ((-6)/(-21) + (-26)/(-7)). List the prime factors of 351 - c/(105/28).
347
Let v = -124 + 126. Suppose 5*u + v*b - 468 = 4*u, 3*b = 0. What are the prime factors of u?
2, 3, 13
Let w(x) = 1990 + 5*x**3 - 4*x**3 - 26*x**2 + 2*x - 2001 + 10*x. What are the prime factors of w(27)?
2, 521
Let q(x) = 27*x**2 - 9*x + 36. Suppose 78*l - 12 = 75*l. List the prime factors of q(l).
2, 3
Let k(r) = 2*r**2 + 22*r - 24. Let n be k(-12). Suppose n = -6*l - 2441 + 9257. List the prime factors of l.
2, 71
Suppose 0 = -10*q + 8*q - 4*o + 8, 4*q = -2*o + 10. Suppose -1149 = -8*u + 7*u - q*l, -2*u + 4*l = -2306. What are the prime factors of u?
1151
Let b(v) = -v**3 + v**2 + 109*v + 26. Let l be b(-11). Suppose -3*n + 471 = -6*n. Let i = l + n. What are the prime factors of i?
2, 61
Suppose -1683*k + p - 47339 = -1686*k, -4*k = p - 63117. List the prime factors of k.
2, 7, 23
Suppose 23*h = 19*h + 12. Suppose -3 = h*n - 108. List the prime factors of n.
5, 7
Let q(s) = 5